-27
-1 (base 6) to base 12
-1
20 (base 5) to base 2
1010
Convert -320 (base 5) to base 8.
-125
Convert -11 (base 8) to base 7.
-12
-4 (base 10) to base 6
-4
What is -22 (base 3) in base 14?
-8
What is 4 (base 5) in base 2?
100
22 (base 8) to base 16
12
16 (base 7) to base 3
111
Convert 5 (base 6) to base 5.
10
What is -195 (base 10) in base 2?
-11000011
What is -131 (base 10) in base 13?
-a1
Convert -1 (base 7) to base 6.
-1
1 (base 12) to base 2
1
Convert 2 (base 13) to base 6.
2
What is 101 (base 2) in base 3?
12
-110 (base 11) to base 3
-11220
What is -31 (base 10) in base 3?
-1011
-422 (base 6) to base 16
-9e
What is 60 (base 9) in base 7?
105
Convert 3 (base 15) to base 4.
3
Convert 200 (base 3) to base 13.
15
5 (base 6) to base 8
5
Convert 1 (base 9) to base 3.
1
What is -4 (base 5) in base 16?
-4
Convert -130 (base 4) to base 12.
-24
Convert -2 (base 11) to base 2.
-10
222 (base 3) to base 10
26
What is 120 (base 4) in base 5?
44
-1 (base 7) to base 2
-1
-31 (base 5) to base 4
-100
What is -6 (base 14) in base 7?
-6
What is -9 (base 13) in base 2?
-1001
What is 14 (base 8) in base 2?
1100
-4 (base 15) to base 11
-4
What is 6 (base 14) in base 16?
6
Convert -31 (base 9) to base 11.
-26
What is -2 (base 12) in base 15?
-2
What is -100100 (base 2) in base 10?
-36
-100 (base 3) to base 15
-9
1 (base 9) to base 3
1
-3 (base 4) to base 8
-3
-12 (base 8) to base 7
-13
Convert 100 (base 2) to base 6.
4
Convert -1 (base 7) to base 3.
-1
What is 62 (base 9) in base 12?
48
What is -10 (base 7) in base 15?
-7
42 (base 7) to base 4
132
21 (base 6) to base 16
d
What is -9 (base 12) in base 7?
-12
Convert -55 (base 8) to base 14.
-33
What is 11 (base 14) in base 3?
120
-1 (base 12) to base 7
-1
3 (base 7) to base 10
3
Convert -2 (base 4) to base 2.
-10
Convert -4a (base 11) to base 16.
-36
What is c (base 14) in base 10?
12
What is -17 (base 11) in base 16?
-12
What is -3 (base 8) in base 7?
-3
What is 90 (base 10) in base 3?
10100
Convert -34 (base 13) to base 8.
-53
Convert 76 (base 15) to base 13.
87
Convert 1110 (base 2) to base 8.
16
3 (base 6) to base 3
10
10110 (base 2) to base 10
22
What is -111010 (base 2) in base 12?
-4a
Convert -228 (base 11) to base 3.
-101002
7 (base 16) to base 10
7
What is -10 (base 10) in base 9?
-11
What is 0 (base 9) in base 7?
0
What is 181 (base 9) in base 14?
b0
-8 (base 10) to base 15
-8
-7 (base 16) to base 7
-10
13 (base 14) to base 4
101
7 (base 13) to base 12
7
What is 3 (base 13) in base 7?
3
What is -1101 (base 2) in base 11?
-12
Convert -2 (base 9) to base 13.
-2
-5 (base 6) to base 2
-101
What is 2021 (base 3) in base 16?
3d
-5 (base 13) to base 3
-12
-1 (base 14) to base 8
-1
Convert -3 (base 4) to base 3.
-10
What is 10 (base 12) in base 11?
11
-b2 (base 16) to base 8
-262
What is -65 (base 7) in base 3?
-1202
What is -3 (base 4) in base 15?
-3
11 (base 12) to base 4
31
Convert 22221 (base 3) to base 10.
241
What is 1 (base 16) in base 4?
1
What is 2 (base 16) in base 3?
2
1141 (base 5) to base 2
10101011
1233 (base 4) to base 7
216
-1111 (base 2) to base 11
-14
-433 (base 5) to base 9
-141
2 (base 16) to base 11
2
Convert 3 (base 11) to base 9.
3
What is -40 (base 13) in base 11?
-48
Convert 425 (base 6) to base 10.
161
What is 0 (base 11) in base 13?
0
Convert -1 (base 2) to base 10.
-1
What is -110 (base 2) in base 4?
-12
54 (base 11) to base 10
59
Convert -1001 (base 3) to base 14.
-20
212 (base 3) to base 9
25
What is 120 (base 5) in base 14?
27
What is -36 (base 8) in base 4?
-132
3 (base 13) to base 3
10
4a (base 15) to base 5
240
-1012 (base 4) to base 5
-240
Convert -1 (base 12) to base 8.
-1
Convert -73 (base 10) to base 2.
-1001001
43 (base 5) to base 11
21
Convert a (base 13) to base 2.
1010
-62 (base 14) to base 7
-152
-15 (base 6) to base 5
-21
-3 (base 9) to base 3
-10
What is -1 (base 2) in base 5?
-1
-a (base 13) to base 9
-11
What is -4 (base 8) in base 2?
-100
What is -76 (base 13) in base 8?
-141
99 (base 16) to base 15
a3
4 (base 10) to base 3
11
What is -4 (base 9) in base 12?
-4
What is 23 (base 4) in base 13?
b
13 (base 8) to base 15
b
What is -3 (base 4) in base 2?
-11
Convert -16 (base 7) to base 12.
-11
Convert 24 (base 6) to base 13.
13
Convert -1 (base 14) to base 2.
-1
What is 1 (base 15) in base 7?
1
What is -110 (base 5) in base 4?
-132
-12b (base 12) to base 13
-10a
What is -134 (base 9) in base 4?
-1300
26 (base 11) to base 8
34
What is -1 (base 6) in base 8?
-1
What is -120 (base 3) in base 2?
-1111
Convert 2e (base 16) to base 6.
114
-14 (base 11) to base 3
-120
-11 (base 2) to base 11
-3
Convert cd (base 15) to base 5.
1233
Convert 2 (base 14) to base 5.
2
1101101 (base 2) to base 4
1231
What is -a4 (base 16) in base 9?
-202
What is -101000111 (base 2) in base 7?
-645
Convert -2 (base 13) to base 11.
-2
What is 2 (base 3) in base 7?
2
What is -2 (base 9) in base 13?
-2
What is -241 (base 7) in base 13?
-9a
What is -7 (base 11) in base 5?
-12
25 (base 14) to base 4
201
-14 (base 9) to base 12
-11
What is 113 (base 4) in base 13?
1a
5 (base 9) to base 4
11
1011 (base 2) to base 12
b
11 (base 2) to base 10
3
Convert 18 (base 9) to base 12.
15
Convert -10 (base 4) to base 15.
-4
20 (base 14) to base 16
1c
What is aa (base 14) in base 4?
2112
What is -10010 (base 2) in base 7?
-24
Convert -160 (base 10) to base 16.
-a0
Convert 3 (base 11) to base 3.
10
What is 4 (base 5) in base 15?
4
-126 (base 11) to base 15
-9e
What is 17 (base 11) in base 7?
24
Convert 22 (base 4) to base 9.
11
8 (base 15) to base 12
8
Convert 1 (base 14) to base 4.
1
Convert 2222 (base 3) to base 15.
55
What is 20 (base 15) in base 7?
42
-18 (base 16) to base 5
-44
What is -4e (base 16) in base 4?
-1032
What is -2d (base 15) in base 5?
-133
-1 (base 15) to base 16
-1
Convert 3 (base 16) to base 3.
10
Convert 3 (base 7) to base 14.
3
Convert -106 (base 9) to base 10.
-87
-2 (base 13) to base 8
-2
Convert 3 (base 10) to base 7.
3
-36 (base 13) to base 6
-113
Convert 34 (base 5) to base 7.
25
-61 (base 10) to base 6
-141
3 (base 13) to base 8
3
What is 2 (base 10) in base 11?
2
-3 (base 16) to base 9
-3
8f (base 16) to base 14
a3
Convert 43 (base 10) to base 8.
53
Convert 2 (base 6) to base 2.
10
What is -1 (base 14) in base 9?
-1
1 (base 16) to base 14
1
What is -1 (base 8) in base 14?
-1
18 (base 10) to base 15
13
Convert -100 (base 2) to base 3.
-11
100 (base 2) to base 6
4
What is 10 (base 15) in base 7?
21
Convert -30 (base 4) to base 2.
-1100
37 (base 9) to base 10
34
What is -7 (base 9) in base 4?
-13
Convert -7 (base 10) to base 12.
-7
-43 (base 7) to base 10
-31
231 (base 7) to base 4
1320
0 (base 5) to base 16
0
111001 (base 2) to base 16
39
Convert 34 (base 11) to base 8.
45
1 (base 11) to base 4
1
Convert -205 (base 6) to base 3.
-2212
What is 6 (base 13) in base 10?
6
What is -5 (base 10) in base 15?
-5
Convert 0 (base 16) to base 14.
0
What is 1100 (base 2) in base 3?
110
0 (base 13) to base 11
0
-4 (base 5) to base 10
-4
73 (base 14) to base 4
1211
What is -1 (base 10) in base 7?
-1
Convert 1 (base 3) to base 14.
1
What is 1 (base 14) in base 16?
1
What is -2 (base 16) in base 15?
-2
-2 (base 10) to base 15
-2
Convert 3 (base 14) to base 6.
3
Convert 2 (base 8) to base 9.
2
-19 (base 16) to base 7
-34
112 (base 6) to base 7
62
-23 (base 16) to base 14
-27
Convert a (base 11) to base 8.
12
1 (base 4) to base 13
1
Convert 403 (base 5) to base 8.
147
Convert 2a (base 16) to base 7.
60
What is 4 (base 8) in base 5?
4
Convert -3 (base 15) to base 2.
-11
What is 72 (base 8) in base 5?
213
-10 (base 8) to base 13
-8
What is -4e (base 15) in base 4?
-1022
What is 2 (base 7) in base 8?
2
10100100 (base 2) to base 8
244
Convert -10101 (base 2) to base 12.
-19
Convert -1 (base 16) to base 8.
-1
What is 6 (base 11) in base 7?
6
3 (base 16) to base 5
3
-4 (base 5) to base 8
-4
-1 (base 2) to base 4
-1
-10 (base 4) to base 11
-4
What is -120 (base 15) in base 13?
-168
-1 (base 16) to base 4
-1
What is 13 (base 8) in base 3?
102
Convert 3 (base 11) to base 8.
3
What is -2 (base 16) in base 2?
-10
-112 (base 3) to base 14
-10
Convert 442 (base 6) to base 14.
c2
Convert -4a (base 13) to base 15.
-42
What is -27 (base 8) in base 14?
-19
Convert 56 (base 14) to base 16.
4c
Convert -1 (base 8) to base 1